i**2/2 + i. Suppose 2*u - 7*g = -2*g + 16, -20 = 4*u + 3*g. Determine n(u).
1
Suppose -h + 2 = -2. Let v(x) = -6 + 4*x - 7*x**2 + 2 - 7*x**2 + 13*x**2. Determine v(h).
-4
Let v(n) = -46*n**2 + 93*n**2 - 3 - 48*n**2. Suppose 4*f - 6 = 2*f. Calculate v(f).
-12
Let c be ((-10)/(-6))/(1/(-3)). Let n(k) = k**2 - 3 - 1 + 4 + 6*k. Give n(c).
-5
Let y(x) = -x**2 + 2*x + 3. Let z be ((-12)/(-16))/(2/8). Give y(z).
0
Let d(q) = -q + 1. Let m(o) = -o**3 - 11*o**2 + o + 14. Let r = 1 + -12. Let l be m(r). What is d(l)?
-2
Let r(t) = t**3 - 5*t**2 - 2*t + 5. Let s = 30 + -14. Suppose 0 = j - 2, -2*g = 3*j - 37 + 9. Let v = s - g. Give r(v).
-5
Suppose 0 = -4*l - 2*s - 10, 5*s = 3*l - 0*s + 14. Let w = 10 + -7. Let y(m) = 3 + m + w*m - 2*m**2 + 5*m**2 - 2*m**2. What is y(l)?
0
Let j(q) = -q**2 - 4*q - 3. Let v be (-1)/(-2*3/30). Suppose -v*y - 16 = -y. Give j(y).
-3
Let b(z) = 3*z - 2*z + 3 + 0*z + 0. Let h be ((-10)/(-4))/((-2)/(-4)). Let v(y) = 3*y + 7. Let f(o) = h*b(o) - 2*v(o). Determine f(-3).
4
Let y = 60 - 55. Let v(k) = -k + 5. Give v(y).
0
Let l(y) = y**2 - y + 1. Let k(f) = -5*f**2 + 5*f - 5. Let j(n) = k(n) + 4*l(n). Determine j(1).
-1
Let q(j) = -j**2 - j. Let r(o) = o**3 + 4*o**2 + 4*o. Let n(p) = -4*q(p) - r(p). Suppose -5*v + 1 = -4*v. Give n(v).
-1
Let q(h) be the second derivative of 11*h**4/12 - h**2/2 + 4*h. Determine q(-1).
10
Let i(v) be the first derivative of -v**4/4 + 4*v**3/3 + 3*v**2 + 7*v + 8. What is i(5)?
12
Let w(h) = 4*h**2 - 3*h. Let y(j) = 4*j**2 - 4*j. Let x(m) = -3*w(m) + 2*y(m). Determine x(1).
-3
Suppose 5*g - 4*s = -13, -3*g - 3 = 2*s - 4. Let t(u) = -15*u - 1. Give t(g).
14
Let r(d) = 20*d**2 - 4*d - 2*d**3 + d**3 - 18*d**2 + 3. Calculate r(2).
-5
Let p(h) = -h**3 - 9 + h**2 + 0*h**2 - 2*h**2 + 2*h**3. Let g = -2 + 2. Calculate p(g).
-9
Let v(m) = -m**2 + 5*m - 5. Let h(t) = 17*t**2 - 4*t**2 - 7*t**2 - 2*t**2. Suppose -x = -2*x - 1. Let z be h(x). Give v(z).
-1
Let m(w) = 20*w + 11. Let a(t) = 7*t + 4. Let n(k) = -17*a(k) + 6*m(k). Let i be n(6). Let h(l) = i*l - 3 - 3*l + 4. Give h(-1).
0
Let z(x) = 4*x**3 + x**2 + x - 1. Let u = -14 - -9. Let k = 6 + u. Give z(k).
5
Let a = 14 + -10. Let y(m) = -a - m + 1 - 2. Determine y(0).
-5
Let c(r) = 6 - 4*r - r**2 - 2 + 1. Let d(y) = -y**2 - 6*y + 10. Let q be d(-7). Suppose 2*p + 5 = -q. Give c(p).
5
Let x(d) = d**3 - 2*d**2 - 2*d. Let n be x(3). Let o(u) = -u**2 + u - u - 5*u - 1 - n. Suppose 0 = 4*g - 7*g + 2*r - 22, 0 = r - 5. Give o(g).
0
Let c(g) = g**2 - 17*g + 10. Let f be c(16). Let h(l) = -l**3 - 5*l**2 + 6*l + 3. Give h(f).
3
Suppose t = 5*q - 22 + 4, -2*q - 5*t - 9 = 0. Let f(d) = 3*d**2 - d - 1. What is f(q)?
23
Let z(s) be the first derivative of 1/24*s**4 + 0*s - 1/2*s**2 - 1 - 1/3*s**3. Let j(h) be the second derivative of z(h). Determine j(-3).
-5
Let l(h) be the second derivative of h**3/3 + 27*h. Give l(-4).
-8
Let d(h) = h**3 - 4*h**2 - 1. Let k = -21 - -45. Let s = k + -3. Suppose -s = -5*p + u, -4*p + 15 = -0*u + u. Calculate d(p).
-1
Let w(i) = -i - 35. Let v be w(0). Let x be 2/7 + 45/v. Let h(f) = 9*f. What is h(x)?
-9
Let t be (-1)/2*6 + 7. Suppose -t*v - 6 = h + h, -5*v - 5*h - 20 = 0. Let y(l) = v - 6 - l - 6. Give y(-6).
-5
Let h(d) be the second derivative of d**3/6 + 5*d**2/2 + 2*d. Suppose -w = -3*z - 0*z + 7, -5*z + 2*w = -10. Suppose 0 = -z*c - 7 - 13. Determine h(c).
0
Suppose -3*u + 25 = -5. Let x = 16 - u. Let j(w) = 6*w**2 - 2*w**2 - 1 - 3*w**2 + x*w. Determine j(-5).
-6
Let x(j) be the first derivative of -j**3/3 - 2*j**2 + 2*j + 1. Let c(g) = -2*g + 39. Let r be c(22). Calculate x(r).
-3
Let g(f) be the second derivative of 0*f**3 - 1/12*f**4 + 4*f**2 + 0 - 5*f. Calculate g(0).
8
Let w(i) = -2*i + 4. Suppose 2*j + 22 = 4*j + 4*m, 10 = 5*j - 5*m. Calculate w(j).
-6
Let v(s) = -s + 4. Let x = -9 - -13. Give v(x).
0
Let y(g) = -g**2 + 4*g + 5. Let p be y(4). Suppose 11 = -p*c + 3*a - 4*a, -c + a = 7. Let o(z) = -z**3 - 3*z**2 - 3*z + 1. Give o(c).
10
Suppose -8*w = -5*w - 3. Let a be (w - (0 + 0))*-3. Let g(s) = s**2 + 7*s - 1. Calculate g(a).
-13
Let g(l) = l**2 + l + 1. Let o(d) = -d. Let m(w) = -g(w) + 3*o(w). Suppose i = 5*i + 16. What is m(i)?
-1
Let u(r) = r + 1. Let v(n) = -n**2 + 9*n + 11. Let b(s) = -3*u(s) + v(s). Let z be (-1)/(23/6 + -4). Give b(z).
8
Let g(l) = l**3 - 5*l**2 - 6*l - 1. Let z be g(6). Let o be (1/(2/4))/z. Let d(x) = -x + 1. Determine d(o).
3
Suppose 1 = 2*r - 5*p + 18, -4*p + 10 = -r. Let a(m) = -m**2 - 8*m - 8. What is a(r)?
4
Let m be 2/3*(-9)/(-2). Let v(b) = 3*b**2 - b**2 - 2*b - 4*b**2 - 1 + b**3. Let x be v(m). Let q(p) = -p**2 + 2*p - 1. Give q(x).
-1
Let c(h) be the third derivative of -7*h**4/24 - 3*h**2. What is c(1)?
-7
Let f be (3 - 4)*(-14)/(-2). Let o(a) = -a**3 - 6*a**2 + 7*a - 3. Give o(f).
-3
Let h(r) be the first derivative of -4*r**3/3 - 3*r**2/2 + 3. Calculate h(-2).
-10
Let a(n) = -n - 12*n**2 - n**3 - 4*n - 3 - 4*n - 2*n. Let h be a(-11). Let g(p) = -p - 4 + p**3 + p + 3*p**2. Calculate g(h).
-4
Let p(r) = -r - 7. Let d be p(-5). Let n(c) = -c**3 - c. Let v(x) = -7*x**3 - 2*x**2 - 4*x + 2. Let k(a) = -6*n(a) + v(a). Give k(d).
-2
Let m(r) = r**2 - 14*r + 13. Let v be m(13). Let x = 5 + -3. Let y(a) = a + 0*a**2 + 0*a**3 + 1 - a**3 + a**x + 1. Determine y(v).
2
Let s(k) = -2 - k**2 - 4*k - 18*k**3 - k + 19*k**3 + 4. What is s(3)?
5
Suppose 0*h + 5*h = 40. Suppose -v = 3*v - h. Let r(i) = -2*i + 1 + 2 - 2. Determine r(v).
-3
Let s(y) = -3*y - 7. Let n(a) = 2*a + 3. Let f(k) = -5*n(k) - 3*s(k). Let q be f(2). Let r(t) be the first derivative of 3*t**2/2 - 3*t + 1. What is r(q)?
9
Let o(y) = -y**2 + 5*y + 4. Let t(p) = p**2 + 13*p - 9. Let z be t(-14). Calculate o(z).
4
Let o(x) be the first derivative of x**7/840 - x**6/120 + x**5/120 - x**4/24 - x**3/3 - 3. Let f(j) be the third derivative of o(j). Determine f(2).
-3
Let h be -1 + 3 + (-1 - -1). Suppose h*g = 3*g. Suppose 18 = -s - 4*d, 2*d + 4 + 4 = g. Let q(c) = c**2 + 3*c + 3. Determine q(s).
1
Suppose 5*r - 34 = 16. Let g be 13/5 + 4/r. Let o(z) = 2*z**2 - 15*z. Let d(l) = l**2 - 7*l. Let n(v) = -9*d(v) + 4*o(v). What is n(g)?
0
Let z(m) be the second derivative of 5*m - 1/10*m**5 + 1/6*m**4 + 0 - 1/6*m**3 + m**2. Determine z(2).
-8
Let y(g) = -6 - 24*g + 13*g + 10*g. Give y(-4).
-2
Let m(l) = -6*l - 10. Let h(i) = -2*i - 3. Suppose 5*r + 1 - 21 = 0. Let w(f) = r*m(f) - 11*h(f). Determine w(-6).
5
Let v(g) = g**3 - 6*g**2 - g + 5. Let s(d) = -4*d - 30. Let m be s(-9). Determine v(m).
-1
Let l(t) = -t**3 + 6*t**2 - 4. Suppose -3*x = -4*v - 26, -3*x + 22 = 2*x + 4*v. Determine l(x).
-4
Let l = -23 - -21. Let b(x) = 7*x + 7. Let q(h) = -h - 1. Let i(j) = -b(j) - 6*q(j). Give i(l).
1
Let s(q) = q**2 - 2*q + 3. Let n(x) = -2*x - 5. Let d be n(-5). Suppose 10 = -2*t, 6*t + 35 = d*u + 2*t. Give s(u).
6
Let u(c) be the first derivative of -5*c**2 + c + 14. Calculate u(-1).
11
Let x(z) = 5*z + 15. Let y(a) = 14*a + 44. Let c(l) = 17*x(l) - 6*y(l). Let n(k) = -k + 10. Let b(m) = -4*c(m) - 3*n(m). Determine b(6).
0
Let f = 13 - 12. Let r(z) = -2*z - 1. Calculate r(f).
-3
Let a(l) = l**3 + 3*l**2 + l + 4. Let p be a(-3). Let y(c) = 13*c + 4. Let m(s) = 324*s + 99. Let w(u) = -4*m(u) + 99*y(u). Calculate w(p).
-9
Let i(s) be the first derivative of -1/2*s**2 - 2*s - 7. Give i(3).
-5
Let y(i) = -i**2 + 2*i + 2. Let m(x) = x**2 - 10*x + 12 + 9 - 9*x**2 - 8 + x**3. Let u be m(9). Determine y(u).
-6
Suppose 0 = -5*z + 5*h + 10, 2*z = 7*z - 3*h - 10. Suppose -z*d + 30 = 3*d. Let p(m) be the second derivative of -m**3/6 - m**2 + 5*m. Give p(d).
-8
Let b(l) be the third derivative of -l**8/6720 + l**7/2520 + l**6/180 - l**5/40 + l**4/24 - 2*l**2. Let k(i) be the second derivative of b(i). What is k(2)?
1
Let k(g) = g**3 - 5*g**2 + 3*g - 4. Suppose -i + 14 = 3*i - 3*l, 5*l - 20 = -2*i. Determine k(i).
11
Let a(k) be the third derivative of -k**4/24 - k**3/2 - 2*k**2. Let n be a(-8). Let l(c) = -2*c**3 - 4 - 2*c + c**3 + 6*c**2 - 2. Determine l(n).
9
Let x = -3 + 2. Let f(q) = -8*q**2 - 12*q + 2. Let d(r) = -25*r**2 - 32*r + 5. Let h(y) = 3*d(y) - 8*f(y). Determine h(x).
-12
Let g(r) = r + 1. Suppose -3*p + 3*c = 2*p + 5, 2*p = -c + 9. Let i = p - 4. Give g(i).
-1
Let s(f) = -11*f**2 - f + 1. Let u = 62 + -61. Calculate s(u).
-11
Suppose 3*o + 9 = -0*o.